{"id":2679,"date":"2024-03-06T18:39:01","date_gmt":"2024-03-06T18:39:01","guid":{"rendered":"https:\/\/tunther.com.ar\/sitio\/?page_id=2679"},"modified":"2024-03-06T19:12:59","modified_gmt":"2024-03-06T19:12:59","slug":"politicas-de-privacidad","status":"publish","type":"page","link":"https:\/\/tunther.com.ar\/sitio\/politicas-de-privacidad\/","title":{"rendered":"Pol\u00edticas de privacidad"},"content":{"rendered":"\n<p><strong>El sitio web upmercosur.org es propiedad de Uni\u00f3n Parlamentarios del Mercosur, quien es responsable del tratamiento de sus datos personales.<\/strong><\/p>\n\n\n\n<p>Hemos adoptado esta Pol\u00edtica de Privacidad, que determina c\u00f3mo procesamos la informaci\u00f3n recopilada por upmercosur.org, que tambi\u00e9n proporciona las razones por las que debemos recopilar ciertos datos personales sobre usted. Por lo tanto, usted debe leer esta Pol\u00edtica de Privacidad antes de utilizar el sitio web upmercosur.org.<\/p>\n\n\n\n<p>Cuidamos tus datos personales y nos comprometemos a garantizar su confidencialidad y seguridad.<\/p>\n\n\n\n<p><strong>Informaci\u00f3n personal que recopilamos:<\/strong><\/p>\n\n\n\n<p>Cuando visita tunther.com.ar, recopilamos autom\u00e1ticamente cierta informaci\u00f3n sobre su dispositivo, incluida informaci\u00f3n sobre su navegador web, direcci\u00f3n IP, zona horaria y algunas de las cookies instaladas en su dispositivo. Adem\u00e1s, mientras navega, recopilamos informaci\u00f3n sobre las p\u00e1ginas web individuales o los productos que ve, qu\u00e9 sitios web o t\u00e9rminos de b\u00fasqueda le remitieron al sitio y c\u00f3mo interact\u00faa. Nos referimos a esta informaci\u00f3n recopilada autom\u00e1ticamente como \u00abInformaci\u00f3n del dispositivo\u00bb. Adem\u00e1s, podemos recopilar los datos personales que usted nos proporciona (incluidos, entre otros, nombre, apellido, direcci\u00f3n, informaci\u00f3n de pago, etc.) durante el registro para cumplir con el acuerdo.<\/p>\n\n\n\n<p><strong>\u00bfPor qu\u00e9 tratamos tus datos?<\/strong><\/p>\n\n\n\n<p>Nuestra principal prioridad es la seguridad de los datos de los clientes y, como tal, solo podemos procesar datos m\u00ednimos de los usuarios, s\u00f3lo en la medida absolutamente necesaria para mantener el sitio web. La informaci\u00f3n recopilada autom\u00e1ticamente se utiliza \u00fanicamente para identificar posibles casos de abuso y establecer informaci\u00f3n estad\u00edstica sobre el uso del sitio web. Esta informaci\u00f3n estad\u00edstica no se agrega de tal manera que identifique a ning\u00fan usuario particular del sistema.<\/p>\n\n\n\n<p>Puede visitar el sitio web sin decirnos qui\u00e9n es ni revelar ninguna informaci\u00f3n mediante la cual alguien pueda identificarlo como una persona espec\u00edfica. Sin embargo, si desea utilizar algunas de las funciones del sitio web, o desea recibir nuestro bolet\u00edn informativo o proporcionar otros detalles completando un formulario, puede proporcionarnos datos personales, como su correo electr\u00f3nico, nombre, apellido, ciudad de residencia, organizaci\u00f3n y n\u00famero de tel\u00e9fono. Puede optar por no proporcionar sus datos personales, pero es posible que no pueda aprovechar algunas de las funciones del sitio web. Por ejemplo, no podr\u00e1 recibir nuestro bolet\u00edn informativo ni contactarnos directamente desde el sitio web. Los usuarios que no est\u00e9n seguros de qu\u00e9 informaci\u00f3n se requiere pueden contactarnos a admin@upmercosur.org .<\/p>\n\n\n\n<h4 class=\"wp-block-heading\">Tus derechos:<\/h4>\n\n\n\n<p>Si es residente europeo, tiene los siguientes derechos relacionados con sus datos personales:<\/p>\n\n\n\n<ul class=\"wp-block-list\">\n<li>El derecho a ser informado.<\/li>\n\n\n\n<li>El derecho de acceso<\/li>\n\n\n\n<li>El derecho de rectificaci\u00f3n.<\/li>\n\n\n\n<li>El derecho a suprimir.<\/li>\n\n\n\n<li>El derecho a restringir el procesamiento.<\/li>\n\n\n\n<li>El derecho a la portabilidad de los datos.<\/li>\n\n\n\n<li>El derecho a oponerse.<\/li>\n\n\n\n<li>Derechos en relaci\u00f3n con la toma de decisiones automatizadas y la elaboraci\u00f3n de perfiles.<\/li>\n<\/ul>\n\n\n\n<p>Si desea ejercer este derecho, comun\u00edquese con nosotros utilizando la informaci\u00f3n de contacto a continuaci\u00f3n.<\/p>\n\n\n\n<p>Adem\u00e1s, si es residente europeo, destacamos que estamos procesando su informaci\u00f3n para cumplir contratos que podamos tener con usted (por ejemplo, si realiza un pedido a trav\u00e9s del sitio web) o, de otro modo, para perseguir nuestros intereses comerciales leg\u00edtimos enumerados anteriormente. Adem\u00e1s, tenga en cuenta que su informaci\u00f3n puede transferirse fuera de Europa, incluidos Canad\u00e1 y Estados Unidos.<\/p>\n\n\n\n<p><strong>Enlaces a otros sitios web:<\/strong><\/p>\n\n\n\n<p>Nuestro sitio web puede contener enlaces a otros sitios web que no son de nuestra propiedad ni est\u00e1n controlados por nosotros. Tenga en cuenta que no somos responsables de dichos sitios web ni de las pr\u00e1cticas de privacidad de terceros. Le recomendamos que est\u00e9 atento cuando abandone nuestro sitio web y lea las declaraciones de privacidad de cada sitio web que pueda recopilar informaci\u00f3n personal.<\/p>\n\n\n\n<p><strong>Seguridad de la informaci\u00f3n:<\/strong><\/p>\n\n\n\n<p>Protegemos la informaci\u00f3n que usted proporciona en servidores inform\u00e1ticos en un entorno controlado y seguro, protegido del acceso, uso o divulgaci\u00f3n no autorizados. Mantenemos medidas de seguridad administrativas, t\u00e9cnicas y f\u00edsicas razonables para proteger contra el acceso, uso, modificaci\u00f3n y divulgaci\u00f3n no autorizados de los datos personales bajo su control y custodia. Sin embargo, no se puede garantizar la transmisi\u00f3n de datos a trav\u00e9s de Internet o redes inal\u00e1mbricas.<\/p>\n\n\n\n<p><strong>Divulgaci\u00f3n legal:<\/strong><\/p>\n\n\n\n<p>Divulgaremos cualquier informaci\u00f3n que recopilemos, usemos o recibamos si la ley lo requiere o lo permite, como por ejemplo para cumplir con una citaci\u00f3n o proceso legal similar, y cuando creamos de buena fe que la divulgaci\u00f3n es necesaria para proteger nuestros derechos, proteger su seguridad o la seguridad de otros, investigar fraudes o responder a una solicitud del gobierno.<\/p>\n\n\n\n<p><strong>Informaci\u00f3n del contacto:<\/strong><\/p>\n\n\n\n<p>Si desea contactarnos para comprender m\u00e1s sobre esta Pol\u00edtica o desea comunicarse con nosotros sobre cualquier asunto relacionado con los derechos individuales y su informaci\u00f3n personal, puede enviarnos un correo electr\u00f3nico a admin@tunther.com.ar<\/p>\n","protected":false},"excerpt":{"rendered":"<p>El sitio web upmercosur.org es propiedad de Uni\u00f3n Parlamentarios del Mercosur, quien es responsable del tratamiento de sus datos personales. Hemos adoptado esta Pol\u00edtica de Privacidad, que determina c\u00f3mo procesamos la informaci\u00f3n recopilada por upmercosur.org, que tambi\u00e9n proporciona las razones por las que debemos recopilar ciertos datos personales sobre usted. Por lo tanto, usted debe [&hellip;]<\/p>\n","protected":false},"author":2,"featured_media":0,"parent":0,"menu_order":0,"comment_status":"closed","ping_status":"closed","template":"","meta":{"footnotes":""},"class_list":["post-2679","page","type-page","status-publish"],"_links":{"self":[{"href":"https:\/\/tunther.com.ar\/sitio\/wp-json\/wp\/v2\/pages\/2679","targetHints":{"allow":["GET"]}}],"collection":[{"href":"https:\/\/tunther.com.ar\/sitio\/wp-json\/wp\/v2\/pages"}],"about":[{"href":"https:\/\/tunther.com.ar\/sitio\/wp-json\/wp\/v2\/types\/page"}],"author":[{"embeddable":true,"href":"https:\/\/tunther.com.ar\/sitio\/wp-json\/wp\/v2\/users\/2"}],"replies":[{"embeddable":true,"href":"https:\/\/tunther.com.ar\/sitio\/wp-json\/wp\/v2\/comments?post=2679"}],"version-history":[{"count":1,"href":"https:\/\/tunther.com.ar\/sitio\/wp-json\/wp\/v2\/pages\/2679\/revisions"}],"predecessor-version":[{"id":2680,"href":"https:\/\/tunther.com.ar\/sitio\/wp-json\/wp\/v2\/pages\/2679\/revisions\/2680"}],"wp:attachment":[{"href":"https:\/\/tunther.com.ar\/sitio\/wp-json\/wp\/v2\/media?parent=2679"}],"curies":[{"name":"wp","href":"https:\/\/api.w.org\/{rel}","templated":true}]}}